d 4?
1
Calculate the greatest common factor of 221 and 117.
13
What is the greatest common divisor of 14131 and 52?
13
What is the greatest common factor of 1591 and 43?
43
What is the highest common factor of 333 and 9?
9
Calculate the greatest common divisor of 249 and 3.
3
Calculate the highest common divisor of 5177 and 167.
167
What is the highest common factor of 60 and 40?
20
What is the highest common divisor of 43 and 301?
43
Calculate the greatest common factor of 6560 and 160.
160
Calculate the greatest common divisor of 20 and 25.
5
Calculate the greatest common divisor of 7 and 217.
7
Calculate the greatest common factor of 23490 and 290.
290
Calculate the highest common divisor of 32 and 16496.
16
Calculate the highest common divisor of 43192 and 16.
8
What is the highest common divisor of 70 and 56?
14
Calculate the greatest common divisor of 66 and 22.
22
What is the greatest common factor of 112 and 7?
7
What is the highest common divisor of 31 and 124?
31
What is the greatest common factor of 201 and 4489?
67
Calculate the highest common divisor of 208 and 1352.
104
What is the greatest common factor of 1485 and 165?
165
What is the greatest common factor of 133 and 1393?
7
Calculate the highest common factor of 17 and 14195.
17
What is the greatest common factor of 1408 and 22?
22
What is the highest common factor of 93 and 1023?
93
Calculate the greatest common divisor of 6 and 6294.
6
What is the highest common factor of 4 and 4?
4
What is the highest common factor of 170 and 190?
10
What is the greatest common factor of 56564 and 316?
316
What is the greatest common divisor of 232 and 290?
58
Calculate the highest common factor of 76 and 4047.
19
Calculate the highest common factor of 330 and 9174.
66
Calculate the highest common divisor of 506 and 1403.
23
What is the greatest common factor of 504 and 144?
72
What is the greatest common divisor of 34 and 17?
17
What is the highest common divisor of 18 and 294?
6
Calculate the greatest common divisor of 880 and 2970.
110
What is the greatest common factor of 55 and 1870?
55
Calculate the greatest common divisor of 11 and 187.
11
Calculate the highest common factor of 12 and 600.
12
Calculate the greatest common divisor of 55 and 65.
5
Calculate the greatest common divisor of 12 and 774.
6
What is the greatest common factor of 41 and 1?
1
Calculate the greatest common factor of 2 and 26.
2
Calculate the highest common divisor of 2 and 46.
2
Calculate the highest common factor of 8976 and 1188.
132
What is the greatest common divisor of 85 and 1224?
17
What is the highest common divisor of 637 and 52?
13
What is the greatest common factor of 324 and 12?
12
Calculate the greatest common divisor of 442 and 34.
34
What is the greatest common divisor of 143 and 39?
13
What is the greatest common divisor of 222 and 6?
6
What is the greatest common divisor of 65208 and 52?
52
What is the highest common divisor of 1030 and 50?
10
What is the highest common factor of 24285 and 15?
15
What is the greatest common divisor of 558 and 29853?
279
Calculate the greatest common factor of 368 and 8533.
23
What is the highest common divisor of 38 and 1501?
19
Calculate the highest common factor of 222 and 11877.
111
Calculate the greatest common factor of 124 and 2635.
31
Calculate the highest common divisor of 2148 and 18.
6
Calculate the greatest common factor of 40 and 1160.
40
Calculate the highest common divisor of 483 and 42.
21
What is the greatest common factor of 12 and 1086?
6
Calculate the highest common factor of 8 and 11.
1
What is the highest common factor of 5892 and 24?
12
What is the greatest common divisor of 424 and 742?
106
What is the greatest common divisor of 528 and 429?
33
Calculate the highest common divisor of 15 and 142005.
15
What is the greatest common factor of 60 and 750?
30
Calculate the highest common divisor of 1717 and 17.
17
Calculate the greatest common divisor of 84 and 216.
12
What is the greatest common factor of 62 and 93?
31
Calculate the greatest common divisor of 1411 and 85.
17
Calculate the highest common factor of 3618 and 432.
54
Calculate the highest common factor of 102 and 9962.
34
What is the highest common factor of 24 and 82620?
12
What is the greatest common divisor of 385 and 455?
35
What is the greatest common factor of 3435 and 9?
3
Calculate the highest common divisor of 44 and 280.
4
What is the greatest common divisor of 1157 and 2403?
89
What is the greatest common divisor of 961 and 217?
31
Calculate the greatest common divisor of 1363 and 116.
29
What is the highest common divisor of 216 and 8?
8
What is the highest common divisor of 2205 and 45?
45
Calculate the greatest common factor of 98 and 14.
14
Calculate the highest common factor of 256 and 24.
8
What is the greatest common factor of 97 and 873?
97
What is the highest common divisor of 2278 and 34?
34
What is the highest common factor of 39 and 1534?
13
Calculate the greatest common divisor of 435 and 15.
15
Calculate the highest common factor of 9585 and 15.
15
What is the greatest common factor of 202 and 2121?
101
Calculate the highest common divisor of 252 and 156.
12
What is the highest common divisor of 357 and 595?
119
Calculate the greatest common factor of 154 and 66.
22
What is the greatest common factor of 15 and 19?
1
What is the highest common factor of 57 and 912?
57
Calculate the greatest common factor of 1344 and 8.
8
Calculate the highest common divisor of 22 and 253.
11
What is the highest common factor of 55 and 55?
55
Calculate the highest common factor of 216 and 2700.
108
Calculate the greatest common divisor of 7 and 20027.
7
Calculate the greatest common divisor of 28 and 70.
14
What is the highest common divisor of 5055 and 15?
15
Calculate the highest common factor of 30 and 960.
30
What is the highest common divisor of 43149 and 57?
57
What is the greatest common divisor of 36 and 2502?
18
Calculate the highest common factor of 198 and 90.
18
Calculate the greatest common factor of 5 and 229.
1
What is the highest common factor of 20 and 370?
10
Calculate the greatest common divisor of 819 and 315.
63
What is the greatest common factor of 543 and 6?
3
Calculate the highest common factor of 520 and 80.
40
What is the highest common divisor of 52752 and 224?
112
What is the highest common factor of 145 and 15?
5
Calculate the greatest common factor of 355 and 497.
71
What is the greatest common factor of 1241 and 292?
73
Calculate the highest common factor of 903 and 21.
21
Calculate the greatest common divisor of 90 and 9414.
18
What is the greatest common factor of 14103 and 6?
3
What is the greatest common factor of 28 and 868?
28
Calculate the highest common divisor of 1568 and 432.
16
What is the greatest common divisor of 48 and 784?
16
Calculate the highest common factor of 136 and 3451.
17
What is the greatest common factor of 25910 and 10?
10
What is the greatest common divisor of 174 and 7598?
58
What is the highest common divisor of 168 and 96?
24
What is the greatest common divisor of 1290 and 105?
15
Calculate the greatest common divisor of 220 and 20.
20
Calculate the highest common divisor of 486 and 2160.
54
Calculate the greatest common divisor of 320 and 360.
40
What is the greatest common divisor of 392 and 441?
49
Calculate the greatest common factor of 804 and 84.
12
What is the greatest common divisor of 715 and 4615?
65
What is the greatest common divisor of 3136 and 256?
64
What is the greatest common divisor of 53 and 8639?
53
Calculate the highest common factor of 504 and 3108.
84
Calculate the greatest common factor of 8 and 1400.
8
What is the highest common divisor of 208 and 182?
26
What is the highest common factor of 1467 and 3749?
163
What is the highest common divisor of 228 and 285?
57
What is the highest common factor of 144 and 14?
2
What is the greatest common factor of 1140 and 900?
60
Calculate the highest common factor of 80 and 64.
16
What is the greatest common factor of 897 and 39?
39
What is the highest common divisor of 986 and 667?
29
What is the highest common divisor of 144 and 18?
18
What is the highest common divisor of 13 and 26923?
13
What is the highest common divisor of 3840 and 672?
96